15*s - 272. Calculate the remainder when r(20) is divided by y.
4
Let u be ((-36)/28 - (-2)/7) + 5. Let y(w) = 6*w**2 - 3*w - 8. Calculate the remainder when y(u) is divided by 39.
37
Calculate the remainder when 123 is divided by 23 + 17/(51/(-6)).
18
Let a = -56 - -56. Suppose 3*y + 0*y = 3*g - 135, a = -g - 5*y + 33. What is the remainder when g is divided by 12?
7
Suppose -3*n = -6 - 12. Suppose 0*x - n = -x + v, 3*v = x + 4. What is the remainder when 42 is divided by x?
9
Suppose 8*a + 0*a = 136. Suppose 2*u - 4*d - 4 = -10, 3 = d. Suppose g + 15 = u*s, 5*s - 23 = -0*s + g. What is the remainder when a is divided by s?
1
Let w = 72 + -59. Suppose w*x - 252 = 34. Calculate the remainder when x is divided by 4.
2
Suppose -10 = 5*v - 10*v. Let k be 0 + -3 + 25 + v. Suppose 5*r = 4*r - 2*a + k, -a + 47 = 3*r. Calculate the remainder when 54 is divided by r.
12
Let y = 2 + 2. Suppose -y*z - z - h = -2, 0 = 4*h - 8. Suppose -k = 4*g - z*g - 21, -3*k - 22 = -5*g. What is the remainder when 8 is divided by g?
3
Let i = 151 - 124. What is the remainder when 94 is divided by i?
13
Suppose 0 = -2*f + 5*p + 64, -3*f + 0*p = 3*p - 138. Let l = 4355 - 4346. What is the remainder when f is divided by l?
6
Suppose 1 = l, -5*l + 6*l = 3*r - 14. Suppose -n + 531 = 3*x, 2*x - r*n - 354 = -0*n. What is the remainder when x is divided by 36?
33
Suppose -9*l = 81 - 270. Calculate the remainder when 67 is divided by l.
4
Let s(r) = 10*r - 92. What is the remainder when 33 is divided by s(11)?
15
Let b = 103 + -72. Let c = b - 11. Suppose -5*t = 4*i - 19, 3*t + 12 = i + 37. What is the remainder when c is divided by t?
6
Let d = -26 - -25. Let b = d - -13. Suppose -3*h + b = s, -9*h + 4*h + 12 = -s. Calculate the remainder when 10 is divided by h.
1
Suppose 14*h - 26*h + 348 = 0. Calculate the remainder when (-427)/(-3) + 2/3 is divided by h.
27
What is the remainder when (202/1)/((-74)/(-111)) is divided by 30?
3
Let z = 45 - 26. Suppose 2*l - 890 = -3*l. Suppose 102 + l = 5*d. What is the remainder when d is divided by z?
18
Let s be (-1230)/(-110) - 4/22. Suppose s*j = 6*j + 7025. What is the remainder when j/40 - (-3)/(-24) is divided by 19?
16
Let y = 1077 + -968. What is the remainder when y is divided by 55?
54
Let q = 70 - -7. Calculate the remainder when q is divided by 18/(-27)*1*-30.
17
Calculate the remainder when (-3)/9*2*(-130284)/88 is divided by 66.
63
Let q(a) = -21*a + 1. Let k be q(1). Let j be 5*4/k*-3. Calculate the remainder when 4*(j - -4) - 0 is divided by 10.
8
Suppose -3*f - 3*k = -465, -2*k + 7*k - 319 = -2*f. Calculate the remainder when f is divided by 52.
48
Let c = -2050 + 2202. Calculate the remainder when c is divided by 25.
2
Let v be 429/(-22)*2/(-3). Let c = 67 - v. Calculate the remainder when c is divided by 11.
10
Let c(l) = 2*l + 21. Let w be c(-9). Suppose -w*u + 20 = -4. What is the remainder when 21 is divided by u?
5
Suppose 4*o + 4*n - 54 = -6, -o = -2*n - 15. Calculate the remainder when 71 is divided by o.
6
Let q = -68 - 7. Let o = -59 - q. Calculate the remainder when 63 is divided by o.
15
Suppose 0 = -18*n + 97 + 227. What is the remainder when n is divided by 10?
8
What is the remainder when 193 is divided by 11/22 + (-117)/(-6)?
13
Let b be 1/1 - (4 - 6). Suppose 8 = j - b*j. What is the remainder when 4/j*-3 - -86 is divided by 30?
29
Let q be (3 - 53/2)*-2. Suppose 5*c + 226 = 2*y + 67, y - q = -4*c. Calculate the remainder when y is divided by (-18 - (0 - 1))*-1.
16
Let w = -79 + 73. Calculate the remainder when (-366)/(-4)*4/3 is divided by (-62)/(-2) - (w + 3 - -3).
29
Suppose -11*b - 28 = -12*b. Suppose 0 = -8*i + 4*i + b. What is the remainder when 11 is divided by i?
4
Calculate the remainder when 53 is divided by 17 - 16 - (-43 + (-1 - -4)).
12
Suppose 276*h = 262*h + 1890. Calculate the remainder when 149 is divided by h.
14
Suppose 3*a - 2 = -z, 4*a + 19 = -2*z + 5*z. Suppose -z*o = -89 - 31. What is the remainder when 62 is divided by o?
14
Let b be 179 - -9 - (2 + -2). What is the remainder when (-4)/6*1 - b/(-3) is divided by 16?
14
Let z(n) = -2*n**3 - n**2 - 5*n - 2. Let p be z(-3). Let j = p - 35. Calculate the remainder when j is divided by ((-78)/9)/((-2)/3).
10
What is the remainder when 355 is divided by 1092/78 - 7*-1?
19
Suppose 5*x - 3*t - 186 = 0, -5*t - 180 = -3*x - 2*x. What is the remainder when 59 is divided by x?
20
Let x(n) = -32*n - 71. Calculate the remainder when x(-5) is divided by 29.
2
Let x = -114 + 130. What is the remainder when 124 is divided by x?
12
Let w = 346 - 271. What is the remainder when w is divided by 39?
36
Suppose 3*u + 0*i - 472 = -i, -2*i = 2*u - 312. Suppose 2*c + 155 = 3*x + c, -2*c = 3*x - u. What is the remainder when 152 is divided by x?
48
Suppose -5*j = -3*f - 2*f + 100, f = 5*j + 32. Let k = 71 + -40. Let r = f + k. Calculate the remainder when r is divided by 13.
9
What is the remainder when 24 is divided by -10*(6 + -7) - -6?
8
What is the remainder when 105 is divided by 405/3*(-36)/(-90)?
51
Suppose 5*n = -n + 36. Calculate the remainder when 6 is divided by n.
0
Let c(r) = -18*r - 2. Let o(g) = -36*g - 5. Let t(p) = -5*c(p) + 3*o(p). Calculate the remainder when t(-8) is divided by 35.
34
Suppose 0 = -4*c + 12 + 108. Suppose 6 = -l - c. Calculate the remainder when 14 is divided by -6*16/l*3.
6
Suppose 4*t - 3*t - 2*w - 24 = 0, 3 = 3*w. What is the remainder when 277 is divided by t?
17
Suppose 7*l = -5*l + 2280. What is the remainder when l is divided by 40?
30
Suppose -k = -7*l + 178, 30 = 2*l - 2*k - 26. What is the remainder when 286 is divided by l?
11
Let o(w) = -3*w**2 + 25*w + 9. Let f be o(9). Calculate the remainder when 101 is divided by 387/11 + f/(297/6).
31
Calculate the remainder when (-131140)/(-1106) + 4/(-7) is divided by 61.
57
What is the remainder when ((-28)/(-6) - 5)*0 - -189 is divided by 11?
2
Let p = 182 + -148. Calculate the remainder when p is divided by 5.
4
Let o = 540 - 498. Calculate the remainder when 671 is divided by o.
41
Let s = -805 + 814. What is the remainder when 78 is divided by s?
6
Let p = -4 + 136. What is the remainder when p is divided by 47?
38
Let q(w) = w**2 + 34*w - 25. What is the remainder when q(-36) is divided by 16?
15
Suppose -10*b + 22*b = 864. Suppose -3*c + 73 = 4*h, -3*h + 54 = 4*c - 6. Calculate the remainder when b is divided by h.
8
Suppose 0 = -9*d + 10*d - 105. Calculate the remainder when d is divided by 54.
51
Let s(y) be the second derivative of y**5/20 + y**4/2 - 3*y**3/2 + 4*y**2 + 12*y. Calculate the remainder when s(-6) is divided by 21.
20
Let x = -18 + 23. Suppose 0 = -4*n + x*v + 26, -35 = -5*n + 3*v + 2*v. What is the remainder when 32 is divided by n?
5
Suppose 58*y - 60*y = -14. Suppose 0 = -y*c - c + 896. Calculate the remainder when c is divided by 39.
34
Let v be (-3)/(-18) - (-910)/12. What is the remainder when 111 is divided by ((-1)/(-4))/(229/v - 3)?
16
Let j(o) = o**2 - o + 9. Let n be j(0). Let k = 12 - n. What is the remainder when k/(-1)*(-8 + 0) is divided by 9?
6
Let b(x) = x**3 + 7*x + 14. Let i(g) = g**3 + 8*g**2 + 6*g + 4. Let a be i(-7). Suppose a = -z + 50. Calculate the remainder when z is divided by b(0).
11
Suppose -2*a + 42 = -5*r, 2*a + 2 - 44 = -4*r. What is the remainder when 132 is divided by a?
6
Let o = -138 - -161. Calculate the remainder when 48 is divided by o.
2
Let h(p) = -4*p - 21. Let r be h(-6). Suppose 0 = -4*n + r*g + 44, 4*n + 0*n - g - 36 = 0. What is the remainder when n is divided by 3?
2
Let z = -999 + 1040. Calculate the remainder when z is divided by 31.
10
Let b(u) = -15*u**2 + 5*u - 2. Let x be b(1). Calculate the remainder when ((-645)/5*(-8)/x)/(-1) is divided by 29.
28
Suppose 0 = -4*q - f + 155, -2*q + f = -49 - 24. What is the remainder when 72 is divided by q?
34
Let d = 23 + -16. Suppose 2*t - h + 17 = d*t, 5*t - 23 = h. What is the remainder when 13 is divided by t?
1
Let k = 11 + -8. Suppose 4*x - 6 - 46 = 0. What is the remainder when x is divided by 4*k*15/36?
3
Suppose -7*g - 11120 = -97*g - 188*g. Suppose 5*x - 6*o - 55 = -o, -4*x + 68 = 4*o. What is the remainder when g is divided by x?
12
Suppose -806 = -37*s - 25*s. Calculate the remainder when 0/2 - -1 - -23 is divided by s.
11
Suppose 6*v = 790